f -1 + 6 - (3 + 7 - 11)?
6
Calculate 3 - ((-3 - (-2 + -1)) + 3).
0
What is 1 + 4 + -66 + 57?
-4
Evaluate (1 - 1) + 8 + 4 + -15.
-3
Evaluate -39 + 41 - (1 - -7).
-6
(-3 - (-6 + 3)) + (-1 - -2)
1
Calculate 7 + -7 + 11 + -18.
-7
-16 - -26 - (0 - -3)
7
What is 0 + (-1 - (0 - 8)) - 17?
-10
Calculate -8 + (6 - 7) + 7.
-2
What is -1 + 1 - (0 + (-6 - -1))?
5
What is 13 - (4 - -6) - (1 - 0)?
2
What is the value of 8 - (9 + -7 + 4)?
2
Evaluate -1 - ((5 - 6) + 2).
-2
What is 1 + 6 + -9 + 2?
0
What is the value of (2 - -3 - 10) + 6 + -2?
-1
1 + -2 - (-8 - (-6 - 4))
-3
-1 + 4 + -2 + -4
-3
2 - (0 + 7) - (-24 - -15)
4
Evaluate -1 + 1 - (-14 - -19).
-5
Calculate 2 - 3 - (5 - 4) - -7.
5
What is (0 - -7) + (0 - 0 - 4)?
3
What is the value of (2 - 8) + (-4 - -10)?
0
What is (2 + -6 - (2 - 1)) + 6?
1
2 + -2 + -7 + 5 - 1
-3
Calculate -2 + -2 + (-1 - 0) + 6.
1
Evaluate -17 - -17 - (1 + -5).
4
Evaluate -37 - -31 - (-1 + 1 + -5).
-1
What is (1 - (5 + -5)) + -5?
-4
Evaluate (-2 - 0 - (-6 + 0)) + -9.
-5
What is the value of 0 + (1 - -1) + (-8 - -5)?
-1
-1 - -1 - (7 + -6 + 0)
-1
Evaluate -2 + (0 - (-3 + 3 + -3)).
1
-5 + 15 + -5 + -3
2
9 - ((-7 - -5) + 5)
6
Calculate (-1 - (0 + -3)) + 0 + 1.
3
Calculate 10 - ((12 - 24) + 22).
0
What is the value of (4 - 2) + 17 + -24?
-5
What is the value of -8 + -1 + 4 + 1?
-4
What is (0 + 1 - (-4 - -7)) + 4?
2
What is the value of (62 - 48) + (-8 - 0)?
6
What is the value of -5 + 6 - (0 + 0)?
1
What is the value of (0 - -2) + -17 + 23?
8
Evaluate (-4 - -5) + 0 + 3.
4
What is the value of -9 - (-2 + 5 + -10)?
-2
Calculate 8 + -16 + (16 - 16).
-8
What is 4 - 4 - 0 - (-7 - 1)?
8
12 - (-10 - -4 - (-11 + 0))
7
What is (-3 - -5) + (-10 - -6)?
-2
Evaluate (-9 + 1 - -5) + 0.
-3
-4 + 1 + (-2 - -4)
-1
Evaluate -5 - ((3 - 0) + 12 + -19).
-1
Evaluate -2 + 5 + -4 - 1.
-2
-50 + 53 + (1 - 1)
3
Evaluate 1 - (-7 + -6 + (3 - -3)).
8
Calculate (14 + -16 - (1 - 0)) + 2.
-1
What is the value of -1 + -9 + 2 - -3?
-5
-1 - ((-5 - -2) + 2 - -2)
-2
Calculate (-7 - 0) + 8 - 1.
0
What is -1 - (2 + -2 + -9 - -3)?
5
What is (1 - -14) + -7 + -6?
2
What is the value of (0 - -2) + 13 + -9?
6
Calculate -12 - -6 - -11 - (-1 + 6).
0
Calculate (7 - 3) + (-20 - -11).
-5
What is the value of -8 + (8 - (5 + -7))?
2
What is the value of 1 - (5 + (-3 - -1))?
-2
What is the value of -1 - 1 - (-5 - (5 + -11))?
-3
What is the value of 1 - 2 - (8 + -10)?
1
Calculate (-2 - -1 - 2) + 1 - -7.
5
1 - (-4 - (1 - (2 - 0)))
4
What is the value of -3 + 5 + 0 + 1?
3
Evaluate 0 + 1 + (-3 - 2).
-4
Evaluate 1 + -4 + (-2 - (3 + -5)).
-3
0 + 3 + -7 + 2
-2
What is the value of 7 - 5 - ((5 - 2) + -6)?
5
What is 0 + -3 + 6 - -4 - 2?
5
What is 0 - 3 - 5 - -3?
-5
Evaluate -1 - (13 - (18 - 12)).
-8
What is 12 + -1 - (-2 - (11 + -20))?
4
-3 + (-2 - 2 - -5)
-2
What is the value of -9 - (5 + 6 - 26)?
6
-4 - 1 - -2 - -7 - 4
0
Evaluate (0 - 0) + (5 - (8 - 2)).
-1
Evaluate (-1 - 0) + -1 - 2 - -1.
-3
What is (-1 - -5 - 6) + -2?
-4
What is (5 - 8 - -2) + 6?
5
Evaluate 5 + -18 - -5 - -5 - 2.
-5
What is 0 + -5 - 1 - -9?
3
Evaluate (4 - 1 - (11 + -3)) + 1.
-4
What is the value of (-5 - -5) + 7 + -14?
-7
Calculate (8 - (-2 + 5)) + (5 - 4).
6
Evaluate (10 - 0) + 11 + -22.
-1
Evaluate -2 + 9 + 17 + -22 + 3.
5
1 + -1 - (3 + -3)
0
What is the value of 5 - ((-2 - 1) + 5 - -3)?
0
-22 - -23 - (4 - (-3 + 4))
-2
Calculate (2 - (-2 - -1)) + -38 + 34.
-1
What is 16 - (-3 - -16) - (6 + 0)?
-3
Calculate -16 + 9 - (1 - 5).
-3
Calculate -5 + 18 + -11 + -9.
-7
What is 117 + -120 + -2 + (1 - -1)?
-3
What is the value of -7 - -1 - (-6 - -13 - 17)?
4
What is -27 + 25 - (-4 - (-3 + 2))?
1
Evaluate 3 - (-1 + -1 + -1 - -6).
0
Calculate -10 - -5 - (1 - 2).
-4
-10 + -4 + 12 + 7
5
(8 - 5) + (0 - 1)
2
What is the value of 1 + (1 - 5) + 4?
1
-3 + -5 + 12 + 2 + -7
-1
What is -1 - 8 - -21 - 9?
3
What is 8 + (-3 - (-6 + 14))?
-3
Calculate (-6 - 1) + 5 + 16 + -3.
11
What is the value of -1 + -2 + (9 - (7 + 0))?
-1
What is the value of 68 + -61 + (1 - 7)?
1
Evaluate -6 + 16 + (1 - 7).
4
What is the value of -23 - (14 - 28) - -8?
-1
Evaluate (4 - 0) + (-53 - -46).
-3
6 + (4 - 7) + -4 + 5
4
What is the value of 2 + -5 + 3 + -1?
-1
What is the value of (5 - 14) + -4 + 16?
3
Calculate 0 - -4 - (2 + -2).
4
What is the value of -1 - 0 - -4 - 1?
2
What is the value of -2 + (-2 - -5) + -1?
0
(-3 - -1) + 89 + -81
6
What is -10 - -8 - (-5 + 2)?
1
What is the value of 7 + -9 + 4 - 0?
2
What is 2 - -8 - (83 - 80)?
7
What is the value of -3 + -1 + -4 + 3?
-5
Calculate (-8 - (-9 - 3)) + -1.
3
Evaluate -6 + 18 - 6 - (4 - 1).
3
Evaluate 2 - 2 - (3 + -6).
3
Calculate (-1 - -3) + -1 - 1.
0
Calculate -1 + 11 + (3 - 1 - 7).
5
(-2 - 5) + 7 + -6
-6
What is (-9 - -8 - 2) + -1?
-4
Calculate 6 + (-1 - (1 + -1)).
5
What is -1 + (-5 - -1 - -3)?
-2
What is -3 + (5 + -5 - -3)?
0
Evaluate -5 + 0 + 1 + 5.
1
Evaluate (14 + 1 - (5 + 1)) + -6.
3
What is the value of -1 + (11 - 6) - 2?
2
Evaluate -3 - 2 - (-4 + 2 + 1).
-4
What is the value of (5 - 8) + 18 + -19?
-4
Calculate 0 + 1 + 0 - (-2 - 0).
3
Evaluate 1 - -3 - (5 + -2 + 1).
0
What is (0 - -3) + 10 + -17?
-4
What is 4 + 0 + 2 - (41 + -39)?
4
Evaluate 7 + -9 - (-3 + 1) - -5.
5
Calculate (0 + (-2 - -2) - 0) + 1.
1
What is the value of 3 + -2 - ((0 - -6) + -5)?
0
What is 4 + (2 - 2 - 4)?
0
What is 0 + 0 + -3 + 1?
-2
What is the value of 7 + (-5 - -5 - 3) + 2?
6
What is the value of (5 - 2) + -1 + 4 + -3?
3
What is the value of -1 + 7 + -11 + 0 - -4?
-1
What is the value of 0 + (-1 + 2 + -4 - 0)?
-3
Evaluate (1 - -2) + (-4 - 0) - -5.
4
What is 7 - (4 + 5 - 2)?
0
Evaluate 8 + -1 - (1 + 2).
4
Evaluate -2 - (2 + -5 + (-1 - 1)).
3
Evaluate (3 + -6 - -4) + 0.
1
Calculate -1 + 6 + -4 + (-8 - -12).
5
3 + (0 - -5) + -3
5
Evaluate 15 - 12 - (-3 + -2 + 6).
2
-5 - ((-6 - -7) + (-4 - -2))
-4
What is the value of -8 - (4 + -6) - -1?
-5
Evaluate -2 + 0 + 2 + 2 + 2.
4
-1 + -4 + 9 + -5
-1
What is -5 - -1 - -2 - 0?
-2
What is 6 - (6 + -13 - -7)?
6
What is the value of 4 - (4 + 0 - 5)?
5
Calculate -5 - (-14 + 12 + 2 + 2).
-7
(2 - -1) + -6 + (4 - 5)
-4
Evaluate (0 - 1) + (23 - (34 + -6)).
-6
(-2 - -7) + -2 + -6
-3
Calculate 0 + 1 + -13 + 5 + 10.
3
Calculate 7 + -3 + -5 + -1 - -3.
1
Evaluate (3 - 0) + 110 + -116.
-3
Calculate 14 + (3 - (4 + 3)).
10
Calculate 12 + (-12 - -3 - 6).
-3
What is the value of (9 - (6 - 2)) + -4?
1
Evaluate 2 + -8 + (4 - (1 + -3)).
0
What is the value of -1 - -1 - (-9 - -5)?
4
What is (-5 - -4) + 7 + -8?
-2
What is the value of (-2 - 3) + 17 + -10?
2
Evaluate 12 + -11 + (-1 - 1) + 2.
1
What is 4 + -7 + -8 - -2 - -7?
-2
-5 + 2 + 8 - 7
-2
Calculate (26 - 32) + (5 - -3).
2
Calculate -2 + 4 + -5 + -1 + 4.
0
(4 - -2) + (-9 + 0 - -5)
2
-115 - -124 - (-4 + (6 - 3))
10
What is the value of (8 + -8 - -9) + -7?
2
What is the value of -1 + -1 + 11 + -5?
4
What is -1 - ((-1 - -6) + -10)?
4
What is 10 - (7 + -2) - 3?
2
What is the value of (12 - 1) + (-264 - -252)?
-1
Calculate 0 - (2 + -3) - (-4 - -7).
-2
-20 + 36 + -8 - (12 + -1)
-3
Evaluate (-2 - (4 - 10)) + -6 + 1.
-1
What is (1 - -1) + -1 + -3?
-2
(-5 - (-8 + (7 - -2))) + 4
-2
What is the value of -3 + (4 - (1 - -4)) + 3?
-1
Evaluate (-7 - -15 - 8) + 1 + 0.
1
-8 - (-4 + -4) - -7
7
Calculate (-1 - -1) + (-5 + -2 - -6).
-1
Calculate 2 - (-94 - -94 - (2 + -1)).
3
Evaluate -2 + (0 - (2 - 7)).
3
What is the value of (-19 - -19) + (0 - 1)?
-1
Calculate 7 + (-7 - 0) + -3.
-3
What is -6 - (2 - 4 - (-4 - -5))?
-3
What is the value of -3 - (-6 - -4) - 3?
-4
Evaluate 10 - (-2 + -2 - -9).
5
Calculate (4 - (6 + 1)) + 5.
2
10 - -1 - (0 + 4 + -2)
9
Calculate 10 + (8 - 14) - (10 - -1).
-7
Evaluate (5 + -1 - 6) + 5.
3
What is -2 + (2 + 1 - 1) + 0?
0
What is (-3 - -7) + -4 + 3 - 1?
2
Evaluate 2 - (-3 + 3) - (4 - -2).
-4
What is the value of 8 + 1 + 3 + (8 - 17)?
3
Calculate -55 - -55 - (1 - -2).
-3
What is the value of 2 - (3 + -3 + 0 + 4)?
-2
(2 - -2) + (-3 - 4) + 2
-1
What is the value of -1 + -1 + -1 - (3 - 3)?
-3
5 - (-6 + 12 + (-1 - 1))
1
Evaluate -57 + 53 + (12 - 1).
7
What is the value of -11 + (4 - -2) + (-18 - -30)?
7
Evaluate 36 - 33 - (0 - -1).
2
Evaluate -2 + 2 + -1 - (1 + 1).
-3
What is -7 + 10 + 3 - -3?
9
What is the value of (3 - -6 - 5) + -1?
3
Calculate (5 - 1) + 5 + -8 + -2.
-1
Calculate (-1 - 1) + -1 + -1.
-4
-2 + 2 - -1 - 4
-3
What is -1 - -7 - (48 + -50)?
8
Calculate 2 + 